{"id":543,"date":"2021-02-06T03:55:25","date_gmt":"2021-02-06T03:55:25","guid":{"rendered":"http:\/\/luatsudonga.org.vn\/?page_id=543"},"modified":"2021-02-08T06:49:02","modified_gmt":"2021-02-08T06:49:02","slug":"clients","status":"publish","type":"page","link":"http:\/\/luatsudonga.org.vn\/index.php\/en\/clients\/","title":{"rendered":"Clients"},"content":{"rendered":"<p>[vc_row css=&#8221;.vc_custom_1455185211023{padding-top: -145px !important;}&#8221;][vc_column][tt_title_shortcode heading=&#8221;Clients&#8221; size=&#8221;h2&#8243;][vc_column_text]<\/p>\n<p style=\"text-align: justify;\"><span style=\"font-weight: bold; font-size: 75px; padding-top: 4px; padding-right: 5px; float: left; line-height: 56px;\">D<\/span><span style=\"font-weight: bold;\">.A Lawyers<\/span> \u0111\u00e3 tham gia tranh t\u1ee5ng t\u1ea1i T\u00f2a \u00e1n, t\u01b0 v\u1ea5n v\u00e0 \u0111\u1ea1i di\u1ec7n cho nhi\u1ec1u doanh nghi\u1ec7p l\u1edbn trong nhi\u1ec1u l\u0129nh v\u1ef1c ph\u00e1p l\u00fd t\u1ea1i Vi\u1ec7t Nam. Ng\u00e0y nay, \u0111a ph\u1ea7n c\u00e1c doanh nghi\u1ec7p trong s\u1ed1 h\u1ecd, v\u1eabn duy tr\u00ec m\u1ed1i quan h\u1ec7 t\u01b0 v\u1ea5n th\u01b0\u1eddng xuy\u00ean v\u1edbi D.A Lawyers v\u00e0 tr\u1edf th\u00e0nh kh\u00e1ch h\u00e0ng th\u00e2m thi\u1ebft c\u1ee7a ch\u00fang t\u00f4i. D\u01b0\u1edbi \u0111\u00e2y l\u00e0 m\u1ed9t s\u1ed1 kh\u00e1ch h\u00e0ng ti\u00eau bi\u1ec3u c\u1ee7a ch\u00fang t\u00f4i:<\/p>\n<p>[\/vc_column_text][vc_empty_space height=&#8221;20px&#8221;][\/vc_column][\/vc_row][vc_row full_width=&#8221;stretch_row&#8221; css=&#8221;.vc_custom_1455185925070{padding-top: 65px !important;padding-bottom: 50px !important;background-color: #f4f4f4 !important;}&#8221;][vc_column][vc_row_inner css=&#8221;.vc_custom_1453887990460{margin-top: 0px !important;margin-bottom: 0px !important;padding-top: 0px !important;padding-bottom: 0px !important;}&#8221;][vc_column_inner width=&#8221;1\/3&#8243; css=&#8221;.vc_custom_1455458225960{margin-top: 0px !important;margin-bottom: 25px !important;padding-top: 0px !important;padding-bottom: 0px !important;}&#8221;][vc_single_image image=&#8221;573&#8243; img_size=&#8221;full&#8221; css=&#8221;.vc_custom_1612752503654{margin-top: 0px !important;margin-bottom: 0px !important;padding-top: 0px !important;padding-bottom: 0px !important;}&#8221;][\/vc_column_inner][vc_column_inner width=&#8221;1\/3&#8243; css=&#8221;.vc_custom_1453888511920{margin-top: 0px !important;margin-bottom: 0px !important;padding-top: 0px !important;padding-bottom: 0px !important;}&#8221;][vc_single_image image=&#8221;574&#8243; img_size=&#8221;full&#8221; css=&#8221;.vc_custom_1612752512169{margin-top: 0px !important;margin-bottom: 0px !important;padding-top: 0px !important;padding-bottom: 0px !important;}&#8221;][\/vc_column_inner][vc_column_inner width=&#8221;1\/3&#8243; css=&#8221;.vc_custom_1453888539256{margin-top: 0px !important;margin-bottom: 0px !important;padding-top: 0px !important;padding-bottom: 0px !important;}&#8221;][vc_single_image image=&#8221;575&#8243; img_size=&#8221;full&#8221; css=&#8221;.vc_custom_1612752520348{margin-top: 0px !important;margin-bottom: 0px !important;padding-top: 0px !important;padding-bottom: 0px !important;}&#8221;][\/vc_column_inner][\/vc_row_inner][vc_row_inner css=&#8221;.vc_custom_1453887990460{margin-top: 0px !important;margin-bottom: 0px !important;padding-top: 0px !important;padding-bottom: 0px !important;}&#8221;][vc_column_inner width=&#8221;1\/3&#8243; css=&#8221;.vc_custom_1455458225960{margin-top: 0px !important;margin-bottom: 25px !important;padding-top: 0px !important;padding-bottom: 0px !important;}&#8221;][vc_single_image image=&#8221;576&#8243; img_size=&#8221;full&#8221; css=&#8221;.vc_custom_1612752527940{margin-top: 0px !important;margin-bottom: 0px !important;padding-top: 0px !important;padding-bottom: 0px !important;}&#8221;][\/vc_column_inner][vc_column_inner width=&#8221;1\/3&#8243; css=&#8221;.vc_custom_1453888511920{margin-top: 0px !important;margin-bottom: 0px !important;padding-top: 0px !important;padding-bottom: 0px !important;}&#8221;][vc_single_image image=&#8221;577&#8243; img_size=&#8221;full&#8221; css=&#8221;.vc_custom_1612752534012{margin-top: 0px !important;margin-bottom: 0px !important;padding-top: 0px !important;padding-bottom: 0px !important;}&#8221;][\/vc_column_inner][vc_column_inner width=&#8221;1\/3&#8243; css=&#8221;.vc_custom_1453888539256{margin-top: 0px !important;margin-bottom: 0px !important;padding-top: 0px !important;padding-bottom: 0px !important;}&#8221;][vc_single_image image=&#8221;578&#8243; img_size=&#8221;full&#8221; css=&#8221;.vc_custom_1612752542603{margin-top: 0px !important;margin-bottom: 0px !important;padding-top: 0px !important;padding-bottom: 0px !important;}&#8221;][\/vc_column_inner][\/vc_row_inner][vc_row_inner css=&#8221;.vc_custom_1453887990460{margin-top: 0px !important;margin-bottom: 0px !important;padding-top: 0px !important;padding-bottom: 0px !important;}&#8221;][vc_column_inner width=&#8221;1\/3&#8243; css=&#8221;.vc_custom_1455458225960{margin-top: 0px !important;margin-bottom: 25px !important;padding-top: 0px !important;padding-bottom: 0px !important;}&#8221;][vc_single_image image=&#8221;579&#8243; img_size=&#8221;full&#8221; css=&#8221;.vc_custom_1612752550016{margin-top: 0px !important;margin-bottom: 0px !important;padding-top: 0px !important;padding-bottom: 0px !important;}&#8221;][\/vc_column_inner][vc_column_inner width=&#8221;1\/3&#8243; css=&#8221;.vc_custom_1453888511920{margin-top: 0px !important;margin-bottom: 0px !important;padding-top: 0px !important;padding-bottom: 0px !important;}&#8221;][vc_single_image image=&#8221;580&#8243; img_size=&#8221;full&#8221; css=&#8221;.vc_custom_1612752555739{margin-top: 0px !important;margin-bottom: 0px !important;padding-top: 0px !important;padding-bottom: 0px !important;}&#8221;][\/vc_column_inner][vc_column_inner width=&#8221;1\/3&#8243; css=&#8221;.vc_custom_1453888539256{margin-top: 0px !important;margin-bottom: 0px !important;padding-top: 0px !important;padding-bottom: 0px !important;}&#8221;][vc_single_image image=&#8221;581&#8243; img_size=&#8221;full&#8221; css=&#8221;.vc_custom_1612752563105{margin-top: 0px !important;margin-bottom: 0px !important;padding-top: 0px !important;padding-bottom: 0px !important;}&#8221;][\/vc_column_inner][\/vc_row_inner][vc_row_inner css=&#8221;.vc_custom_1453887990460{margin-top: 0px !important;margin-bottom: 0px !important;padding-top: 0px !important;padding-bottom: 0px !important;}&#8221;][vc_column_inner width=&#8221;1\/3&#8243; css=&#8221;.vc_custom_1455458225960{margin-top: 0px !important;margin-bottom: 25px !important;padding-top: 0px !important;padding-bottom: 0px !important;}&#8221;][vc_single_image image=&#8221;582&#8243; img_size=&#8221;full&#8221; css=&#8221;.vc_custom_1612752574313{margin-top: 0px !important;margin-bottom: 0px !important;padding-top: 0px !important;padding-bottom: 0px !important;}&#8221;][\/vc_column_inner][vc_column_inner width=&#8221;1\/3&#8243; css=&#8221;.vc_custom_1453888511920{margin-top: 0px !important;margin-bottom: 0px !important;padding-top: 0px !important;padding-bottom: 0px !important;}&#8221;][vc_single_image image=&#8221;583&#8243; img_size=&#8221;full&#8221; css=&#8221;.vc_custom_1612752580524{margin-top: 0px !important;margin-bottom: 0px !important;padding-top: 0px !important;padding-bottom: 0px !important;}&#8221;][\/vc_column_inner][vc_column_inner width=&#8221;1\/3&#8243; css=&#8221;.vc_custom_1453888539256{margin-top: 0px !important;margin-bottom: 0px !important;padding-top: 0px !important;padding-bottom: 0px !important;}&#8221;][vc_single_image image=&#8221;584&#8243; img_size=&#8221;full&#8221; css=&#8221;.vc_custom_1612752586768{margin-top: 0px !important;margin-bottom: 0px !important;padding-top: 0px !important;padding-bottom: 0px !important;}&#8221;][\/vc_column_inner][\/vc_row_inner][vc_row_inner css=&#8221;.vc_custom_1453887990460{margin-top: 0px !important;margin-bottom: 0px !important;padding-top: 0px !important;padding-bottom: 0px !important;}&#8221;][vc_column_inner width=&#8221;1\/3&#8243; css=&#8221;.vc_custom_1455458225960{margin-top: 0px !important;margin-bottom: 25px !important;padding-top: 0px !important;padding-bottom: 0px !important;}&#8221;][vc_single_image image=&#8221;585&#8243; img_size=&#8221;full&#8221; css=&#8221;.vc_custom_1612752593939{margin-top: 0px !important;margin-bottom: 0px !important;padding-top: 0px !important;padding-bottom: 0px !important;}&#8221;][\/vc_column_inner][vc_column_inner width=&#8221;1\/3&#8243; css=&#8221;.vc_custom_1453888511920{margin-top: 0px !important;margin-bottom: 0px !important;padding-top: 0px !important;padding-bottom: 0px !important;}&#8221;][vc_single_image image=&#8221;586&#8243; img_size=&#8221;full&#8221; css=&#8221;.vc_custom_1612752603780{margin-top: 0px !important;margin-bottom: 0px !important;padding-top: 0px !important;padding-bottom: 0px !important;}&#8221;][\/vc_column_inner][vc_column_inner width=&#8221;1\/3&#8243; css=&#8221;.vc_custom_1453888539256{margin-top: 0px !important;margin-bottom: 0px !important;padding-top: 0px !important;padding-bottom: 0px !important;}&#8221;][vc_single_image image=&#8221;587&#8243; img_size=&#8221;full&#8221; css=&#8221;.vc_custom_1612752609733{margin-top: 0px !important;margin-bottom: 0px !important;padding-top: 0px !important;padding-bottom: 0px !important;}&#8221;][\/vc_column_inner][\/vc_row_inner][vc_row_inner css=&#8221;.vc_custom_1453887990460{margin-top: 0px !important;margin-bottom: 0px !important;padding-top: 0px !important;padding-bottom: 0px !important;}&#8221;][vc_column_inner width=&#8221;1\/3&#8243; css=&#8221;.vc_custom_1455458225960{margin-top: 0px !important;margin-bottom: 25px !important;padding-top: 0px !important;padding-bottom: 0px !important;}&#8221;][vc_single_image image=&#8221;588&#8243; img_size=&#8221;full&#8221; css=&#8221;.vc_custom_1612752616975{margin-top: 0px !important;margin-bottom: 0px !important;padding-top: 0px !important;padding-bottom: 0px !important;}&#8221;][\/vc_column_inner][vc_column_inner width=&#8221;1\/3&#8243; css=&#8221;.vc_custom_1453888511920{margin-top: 0px !important;margin-bottom: 0px !important;padding-top: 0px !important;padding-bottom: 0px !important;}&#8221;][vc_single_image image=&#8221;589&#8243; img_size=&#8221;full&#8221; css=&#8221;.vc_custom_1612752624074{margin-top: 0px !important;margin-bottom: 0px !important;padding-top: 0px !important;padding-bottom: 0px !important;}&#8221;][\/vc_column_inner][vc_column_inner width=&#8221;1\/3&#8243; css=&#8221;.vc_custom_1453888539256{margin-top: 0px !important;margin-bottom: 0px !important;padding-top: 0px !important;padding-bottom: 0px !important;}&#8221;][vc_single_image image=&#8221;590&#8243; img_size=&#8221;full&#8221; css=&#8221;.vc_custom_1612752631047{margin-top: 0px !important;margin-bottom: 0px !important;padding-top: 0px !important;padding-bottom: 0px !important;}&#8221;][\/vc_column_inner][\/vc_row_inner][\/vc_column][\/vc_row]<\/p>\n","protected":false},"excerpt":{"rendered":"<p>[vc_row css=&#8221;.vc_custom_1455185211023{padding-top: -145px !important;}&#8221;][vc_column][tt_title_shortcode heading=&#8221;Clients&#8221; size=&#8221;h2&#8243;][vc_column_text] D.A Lawyers \u0111\u00e3 tham gia tranh t\u1ee5ng t\u1ea1i T\u00f2a \u00e1n, t\u01b0 v\u1ea5n v\u00e0 \u0111\u1ea1i di\u1ec7n cho nhi\u1ec1u doanh nghi\u1ec7p l\u1edbn trong nhi\u1ec1u l\u0129nh v\u1ef1c ph\u00e1p l\u00fd t\u1ea1i Vi\u1ec7t Nam. Ng\u00e0y nay, \u0111a ph\u1ea7n c\u00e1c doanh nghi\u1ec7p trong s\u1ed1 h\u1ecd, v\u1eabn duy tr\u00ec m\u1ed1i quan h\u1ec7 t\u01b0 v\u1ea5n th\u01b0\u1eddng xuy\u00ean [&hellip;]<\/p>\n","protected":false},"author":1,"featured_media":0,"parent":0,"menu_order":0,"comment_status":"closed","ping_status":"closed","template":"","meta":[],"_links":{"self":[{"href":"http:\/\/luatsudonga.org.vn\/index.php\/wp-json\/wp\/v2\/pages\/543"}],"collection":[{"href":"http:\/\/luatsudonga.org.vn\/index.php\/wp-json\/wp\/v2\/pages"}],"about":[{"href":"http:\/\/luatsudonga.org.vn\/index.php\/wp-json\/wp\/v2\/types\/page"}],"author":[{"embeddable":true,"href":"http:\/\/luatsudonga.org.vn\/index.php\/wp-json\/wp\/v2\/users\/1"}],"replies":[{"embeddable":true,"href":"http:\/\/luatsudonga.org.vn\/index.php\/wp-json\/wp\/v2\/comments?post=543"}],"version-history":[{"count":5,"href":"http:\/\/luatsudonga.org.vn\/index.php\/wp-json\/wp\/v2\/pages\/543\/revisions"}],"predecessor-version":[{"id":625,"href":"http:\/\/luatsudonga.org.vn\/index.php\/wp-json\/wp\/v2\/pages\/543\/revisions\/625"}],"wp:attachment":[{"href":"http:\/\/luatsudonga.org.vn\/index.php\/wp-json\/wp\/v2\/media?parent=543"}],"curies":[{"name":"wp","href":"https:\/\/api.w.org\/{rel}","templated":true}]}}