{"id":278,"date":"2016-02-01T09:06:24","date_gmt":"2016-02-01T09:06:24","guid":{"rendered":"http:\/\/livedemo.templatation.com\/legal-power\/?page_id=6"},"modified":"2026-03-11T02:24:04","modified_gmt":"2026-03-11T02:24:04","slug":"home","status":"publish","type":"page","link":"http:\/\/luatsudonga.org.vn\/","title":{"rendered":"Trang ch\u1ee7"},"content":{"rendered":"<p>[vc_row full_width=&#8221;stretch_row_content_no_spaces&#8221;][vc_column][rev_slider_vc alias=&#8221;legalmain&#8221;][\/vc_column][\/vc_row][vc_row css=&#8221;.vc_custom_1455450528152{margin-top: 55px !important;margin-bottom: 40px !important;}&#8221;][vc_column css=&#8221;.vc_custom_1453735199194{margin-bottom: 50px !important;}&#8221;][tt_title_shortcode heading=&#8221;CH\u00c0O M\u1eeaNG \u0110\u1ebeN V\u1edaI C\u00d4NG TY LU\u1eacT TR\u00c1CH NHI\u1ec6M H\u1eeeU H\u1ea0N \u0110\u00d4NG \u00c1&#8221; alignment=&#8221;left&#8221; css=&#8221;.vc_custom_1647738211499{margin-bottom: 30px !important;}&#8221;][vc_row_inner el_class=&#8221;bottom-featured&#8221; css=&#8221;.vc_custom_1455442206869{margin-bottom: 0px !important;}&#8221;][vc_column_inner width=&#8221;1\/2&#8243;][vc_column_text]<\/p>\n<p style=\"text-align: justify;\"><span style=\"font-weight: bold; font-size: 75px; padding-top: 4px; padding-right: 5px; float: left; line-height: 56px; color: red;\">C<\/span><strong style=\"color: red;\">\u00d4NG TY LU\u1eacT TR\u00c1CH NHI\u1ec6M H\u1eeeU H\u1ea0N \u0110\u00d4NG \u00c1 (D.A Lawyers)<\/strong> <span style=\"color: #000000;\">l\u00e0 m\u1ed9t C\u00f4ng ty Lu\u1eadt uy t\u00edn h\u00e0ng \u0111\u1ea7u Vi\u1ec7t Nam, n\u01a1i\u00a0 t\u1eadp trung \u0111\u1ed9i ng\u0169 Lu\u1eadt s\u01b0 v\u00e0 c\u1ed1 v\u1ea5n d\u00e0y d\u1ea1n kinh nghi\u1ec7m, hi\u1ec3u bi\u1ebft s\u00e2u s\u1eafc v\u1ec1 ph\u00e1p lu\u1eadt Vi\u1ec7t Nam, <strong>\u0111\u1eb7c bi\u1ec7t l\u00e0 ho\u1ea1t \u0111\u1ed9ng tranh t\u1ee5ng v\u00e0 t\u01b0 v\u1ea5n ph\u00e1p lu\u1eadt doanh nghi\u1ec7p<\/strong>. Ch\u00fang t\u00f4i lu\u00f4n \u01b0u ti\u00ean t\u00ecm ki\u1ebfm nh\u1eefng gi\u1ea3i ph\u00e1p nh\u1eb1m \u0111\u1ea3m b\u1ea3o an to\u00e0n ph\u00e1p l\u00fd t\u1ed1t nh\u1ea5t cho kh\u00e1ch h\u00e0ng. Ch\u00fang t\u00f4i tin t\u01b0\u1edfng r\u1eb1ng ch\u00fang t\u00f4i c\u00f3 kh\u1ea3 n\u0103ng cung c\u1ea5p d\u1ecbch v\u1ee5 t\u01b0 v\u1ea5n ph\u00e1p lu\u1eadt, gi\u1ea3i quy\u1ebft c\u00e1c v\u1ea5n \u0111\u1ec1 ph\u00e1p l\u00fd v\u1edbi ch\u1ea5t l\u01b0\u1ee3ng t\u1ed1t, nh\u1eb1m \u0111\u00e1p \u1ee9ng m\u1ecdi nhu c\u1ea7u c\u1ee7a kh\u00e1ch h\u00e0ng. B\u1edfi, ch\u00fang t\u00f4i hi\u1ec3u <strong>th\u00e0nh c\u00f4ng c\u1ee7a kh\u00e1ch h\u00e0ng c\u0169ng ch\u00ednh l\u00e0 th\u00e0nh c\u00f4ng c\u1ee7a ch\u00fang t\u00f4i<\/strong>.\u00a0<\/span><\/p>\n<p>&nbsp;<\/p>\n<p style=\"display: block;\"><img class=\"size-full wp-image-555\" style=\"width: 50%; padding: 5px;\" src=\"http:\/\/luatsudonga.org.vn\/wp-content\/uploads\/2021\/02\/h2.jpg\" alt=\"\" \/><img class=\"size-full wp-image-556\" style=\"width: 50%; padding: 5px;\" src=\"http:\/\/luatsudonga.org.vn\/wp-content\/uploads\/2021\/02\/h1.jpg\" alt=\"\" \/><\/p>\n<p>[\/vc_column_text][\/vc_column_inner][vc_column_inner width=&#8221;1\/2&#8243;][vc_single_image image=&#8221;14054&#8243; img_size=&#8221;full&#8221;][vc_column_text]<\/p>\n<p style=\"text-align: justify;\"><span style=\"color: #000000;\">Qu\u00e1 tr\u00ecnh ho\u1ea1t \u0111\u1ed9ng d\u1ecbch v\u1ee5 ph\u00e1p l\u00fd,\u00a0<\/span><span style=\"color: #ff0000;\"><strong>D.A Lawyers\u00a0<\/strong><\/span><span style=\"color: #000000;\">hi\u1ec3u r\u1eb1ng v\u1ea5n \u0111\u1ec1 ph\u00e1p l\u00fd c\u1ee7a kh\u00e1ch h\u00e0ng lu\u00f4n \u0111a d\u1ea1ng, ph\u1ee9c t\u1ea1p v\u00e0 r\u1ea5t c\u1ea7n s\u1ef1 t\u01b0 v\u1ea5n chuy\u00ean s\u00e2u c\u1ee7a \u0111\u1ed9i ng\u0169 ph\u00e1p l\u00fd chuy\u00ean nghi\u1ec7p. V\u1edbi \u0111\u1ed9i ng\u0169 Lu\u1eadt s\u01b0 c\u00f3 tr\u00ed tu\u1ec7, n\u0103ng l\u1ef1c chuy\u00ean m\u00f4n cao, c\u00f9ng kinh nghi\u1ec7m l\u00e0m vi\u1ec7c v\u1edbi nhi\u1ec1u \u0111\u1ed1i t\u00e1c kh\u00e1ch h\u00e0ng doanh nghi\u1ec7p trong v\u00e0 ngo\u00e0i n\u01b0\u1edbc, ch\u00fang t\u00f4i t\u1ef1 h\u00e0o v\u1ec1<\/span><span style=\"color: #000000;\"> kh\u1ea3 n\u0103ng h\u1ed7 tr\u1ee3 t\u1ed1t nh\u1ea5t v\u1ec1 m\u1eb7t ph\u00e1p l\u00fd cho kh\u00e1ch h\u00e0ng v\u1edbi<\/span><span style=\"color: #000000;\">\u00a0t\u00f4n ch\u1ec9 ho\u1ea1t \u0111\u1ed9ng <strong><em>\u201cT\u1ea5t c\u1ea3 v\u00ec quy\u1ec1n l\u1ee3i kh\u00e1ch h\u00e0ng\u201d<\/em><\/strong>.<\/span><\/p>\n<p><span style=\"color: #000000;\">\u00a0 \u00a0 \u00a0 \u00a0 \u00a0 \u00a0\u00a0<\/span>[\/vc_column_text][\/vc_column_inner][\/vc_row_inner][\/vc_column][\/vc_row][vc_row full_width=&#8221;stretch_row&#8221; css=&#8221;.vc_custom_1455440021749{padding-top: 60px !important;padding-bottom: 50px !important;background: rgba(247,246,246,0.2) url(http:\/\/luatsudonga.org.vn\/wp-content\/uploads\/2016\/02\/featured-service-bg.png?id=10) !important;background-position: center !important;background-repeat: no-repeat !important;background-size: cover !important;*background-color: rgb(247,246,246) !important;}&#8221;][vc_column][tt_title_shortcode heading=&#8221;C\u00c1C D\u1ecaCH V\u1ee4 N\u1ed4I B\u1eacT C\u1ee6A CH\u00daNG T\u00d4I&#8221; size=&#8221;h2&#8243;][vc_row_inner css=&#8221;.vc_custom_1455440235769{padding-top: -35px !important;}&#8221;][vc_column_inner width=&#8221;1\/3&#8243;][tt_block_with_icon_shortcode title=&#8221;Tham gia t\u1ed1 t\u1ee5ng&#8221; size=&#8221;h5&#8243; description=&#8221;\u0110\u1ea1i di\u1ec7n tham gia t\u1ed1 t\u1ee5ng trong c\u00e1c l\u0129nh v\u1ef1c Kinh doanh th\u01b0\u01a1ng m\u1ea1i, H\u00ecnh s\u1ef1, D\u00e2n s\u1ef1, H\u00f4n nh\u00e2n gia \u0111\u00ecnh, Lao \u0111\u1ed9ng\u2026&#8221; custom_icon=&#8221;flaticon-familiar17&#8243; type=&#8221;typicons&#8221; icon_typicons=&#8221;typcn typcn-group-outline&#8221; icon_color=&#8221;custom&#8221; i_size=&#8221;ttxl&#8221; icon_custom_color=&#8221;#bf9e58&#8243;][vc_empty_space height=&#8221;40px&#8221;][\/vc_column_inner][vc_column_inner width=&#8221;1\/3&#8243;][tt_block_with_icon_shortcode title=&#8221;T\u01b0 v\u1ea5n \u0110\u1ea7u t\u01b0 \u2013 Kinh doanh th\u01b0\u01a1ng m\u1ea1i&#8221; size=&#8221;h5&#8243; description=&#8221;T\u01b0 v\u1ea5n ph\u00e1p lu\u1eadt trong l\u0129nh v\u1ef1c \u0110\u1ea7u t\u01b0, Mua b\u00e1n &amp; S\u00e1p nh\u1eadp, Ch\u1ee9ng kho\u00e1n &amp; Th\u1ecb tr\u01b0\u1eddng v\u1ed1n\u2026&#8221; custom_icon=&#8221;flaticon-justice4&#8243; icon_fontawesome=&#8221;fa fa-gavel&#8221; icon_color=&#8221;custom&#8221; i_size=&#8221;ttxl&#8221; icon_custom_color=&#8221;#bf9e58&#8243;][vc_empty_space height=&#8221;40px&#8221;][\/vc_column_inner][vc_column_inner width=&#8221;1\/3&#8243;][tt_block_with_icon_shortcode title=&#8221;Tr\u1ecdng t\u00e0i Th\u01b0\u01a1ng m\u1ea1i&#8221; size=&#8221;h5&#8243; description=&#8221;Tham gia gi\u1ea3i quy\u1ebft tranh ch\u1ea5p li\u00ean quan \u0111\u1ebfn Tr\u1ecdng t\u00e0i th\u01b0\u01a1ng m\u1ea1i v\u00e0 tham gia t\u1ed1 t\u1ee5ng tr\u1ecdng t\u00e0i.&#8221; custom_icon=&#8221;flaticon-transport111&#8243; icon_fontawesome=&#8221;fa fa-car&#8221; icon_color=&#8221;custom&#8221; i_size=&#8221;ttxl&#8221; icon_custom_color=&#8221;#bf9e58&#8243;][vc_empty_space height=&#8221;40px&#8221;][\/vc_column_inner][\/vc_row_inner][vc_row_inner el_class=&#8221;bottom-featured&#8221; css=&#8221;.vc_custom_1455442206869{margin-bottom: 0px !important;}&#8221;][vc_column_inner width=&#8221;1\/3&#8243;][tt_block_with_icon_shortcode title=&#8221;B\u1ea5t \u0111\u1ed9ng s\u1ea3n&#8221; size=&#8221;h5&#8243; description=&#8221;T\u01b0 v\u1ea5n quy \u0111\u1ecbnh ph\u00e1p lu\u1eadt li\u00ean quan, so\u1ea1n th\u1ea3o h\u1ee3p \u0111\u1ed3ng b\u1eaft bu\u1ed9c, gi\u1ea5y ph\u00e9p cho c\u00e1c nh\u00e0 th\u1ea7u v\u00e0 d\u1ef1 \u00e1n x\u00e2y d\u1ef1ng\u2026&#8221; custom_icon=&#8221;flaticon-rain7&#8243; icon_fontawesome=&#8221;fa fa-home&#8221; icon_color=&#8221;custom&#8221; i_size=&#8221;ttxl&#8221; icon_custom_color=&#8221;#bf9e58&#8243;][\/vc_column_inner][vc_column_inner width=&#8221;1\/3&#8243;][tt_block_with_icon_shortcode title=&#8221;Ng\u00e2n h\u00e0ng &#8211; B\u1ea3o hi\u1ec3m&#8221; size=&#8221;h5&#8243; description=&#8221;T\u01b0 v\u1ea5n ph\u00e1p lu\u1eadt ho\u1ea1t \u0111\u1ed9ng c\u1ee7a ng\u00e2n h\u00e0ng, b\u1ea3o hi\u1ec3m v\u00e0 gi\u1ea3i quy\u1ebft c\u00e1c v\u1ea5n \u0111\u1ec1 ph\u00e1p l\u00fd li\u00ean quan\u2026&#8221; custom_icon=&#8221;flaticon-medical85&#8243; icon_fontawesome=&#8221;fa fa-gamepad&#8221; icon_color=&#8221;custom&#8221; i_size=&#8221;ttxl&#8221; icon_custom_color=&#8221;#bf9e58&#8243;][\/vc_column_inner][vc_column_inner width=&#8221;1\/3&#8243;][tt_block_with_icon_shortcode title=&#8221;C\u00e1c d\u1ecbch v\u1ee5 ph\u00e1p l\u00fd kh\u00e1c&#8221; size=&#8221;h5&#8243; description=&#8221;T\u01b0 v\u1ea5n thu\u1ebf, \u0111\u0103ng k\u00fd nh\u00e3n hi\u1ec7u h\u00e0ng h\u00f3a, s\u00e1ng ch\u1ebf; nh\u01b0\u1ee3ng quy\u1ec1n th\u01b0\u01a1ng m\u1ea1i, Lu\u1eadt s\u01b0 ri\u00eang..&#8221; custom_icon=&#8221;flaticon-sprain&#8221; icon_fontawesome=&#8221;fa fa-wheelchair&#8221; icon_color=&#8221;custom&#8221; i_size=&#8221;ttxl&#8221; icon_custom_color=&#8221;#bf9e58&#8243;][\/vc_column_inner][\/vc_row_inner][\/vc_column][\/vc_row][vc_row full_width=&#8221;stretch_row_content_no_spaces&#8221; equal_height=&#8221;yes&#8221; css=&#8221;.vc_custom_1612146798011{background-image: url(http:\/\/luatsudonga.org.vn\/wp-content\/uploads\/2016\/02\/case-evaluation-area-bg-1.jpg?id=88) !important;background-position: center !important;background-repeat: no-repeat !important;background-size: cover !important;}&#8221;][vc_column width=&#8221;1\/2&#8243; offset=&#8221;vc_col-lg-offset-0 vc_col-md-offset-0 vc_col-sm-offset-0&#8243;]<div role=\"form\" class=\"wpcf7\" id=\"wpcf7-f27-o1\" lang=\"en-US\" dir=\"ltr\">\n<div class=\"screen-reader-response\"><p role=\"status\" aria-live=\"polite\" aria-atomic=\"true\"><\/p> <ul><\/ul><\/div>\n<form action=\"\/index.php\/wp-json\/wp\/v2\/pages\/278#wpcf7-f27-o1\" method=\"post\" class=\"wpcf7-form init\" novalidate=\"novalidate\" data-status=\"init\">\n<div style=\"display: none;\">\n<input type=\"hidden\" name=\"_wpcf7\" value=\"27\" \/>\n<input type=\"hidden\" name=\"_wpcf7_version\" value=\"5.3.2\" \/>\n<input type=\"hidden\" name=\"_wpcf7_locale\" value=\"en_US\" \/>\n<input type=\"hidden\" name=\"_wpcf7_unit_tag\" value=\"wpcf7-f27-o1\" \/>\n<input type=\"hidden\" name=\"_wpcf7_container_post\" value=\"0\" \/>\n<input type=\"hidden\" name=\"_wpcf7_posted_data_hash\" value=\"\" \/>\n<\/div>\n<section id=\"case-evaluation-area\" class=\"anim-5-all\">\n<div class=\"case-evaluation-form\">\n<div class=\"case-evaluation-form-title\">\n<h1>\u0110\u0103ng k\u00fd t\u01b0 v\u1ea5n<\/h1>\n<\/p><\/div>\n<div class=\"row\">\n<div class=\"col-lg-6 col-sm-6\">\n                            <span class=\"wpcf7-form-control-wrap your-name\"><input type=\"text\" name=\"your-name\" value=\"\" size=\"40\" class=\"wpcf7-form-control wpcf7-text wpcf7-validates-as-required\" aria-required=\"true\" aria-invalid=\"false\" placeholder=\"T\u00ean\" \/><\/span>\n                        <\/div>\n<div class=\"col-lg-6 col-sm-6\">\n                            <span class=\"wpcf7-form-control-wrap last-name\"><input type=\"text\" name=\"last-name\" value=\"\" size=\"40\" class=\"wpcf7-form-control wpcf7-text wpcf7-validates-as-required\" aria-required=\"true\" aria-invalid=\"false\" placeholder=\"H\u1ecd v\u00e0 t\u00ean \u0111\u1ec7m\" \/><\/span>\n                        <\/div><\/div>\n<div class=\"row\">\n<div class=\"col-lg-6 col-sm-6\">\n                            <span class=\"wpcf7-form-control-wrap your-email\"><input type=\"text\" name=\"your-email\" value=\"\" size=\"40\" class=\"wpcf7-form-control wpcf7-text wpcf7-validates-as-required\" aria-required=\"true\" aria-invalid=\"false\" placeholder=\"Email\" \/><\/span>\n                        <\/div>\n<div class=\"col-lg-6 col-sm-6\">\n                            <span class=\"wpcf7-form-control-wrap your-phone\"><input type=\"text\" name=\"your-phone\" value=\"\" size=\"40\" class=\"wpcf7-form-control wpcf7-text wpcf7-validates-as-required\" aria-required=\"true\" aria-invalid=\"false\" placeholder=\"S\u1ed1 \u0111i\u1ec7n tho\u1ea1i\" \/><\/span>\n                        <\/div><\/div>\n<div class=\"row\">\n<div class=\"col-lg-12\">\n                            <span class=\"wpcf7-form-control-wrap your-message\"><textarea name=\"your-message\" cols=\"40\" rows=\"10\" class=\"wpcf7-form-control wpcf7-textarea wpcf7-validates-as-required\" aria-required=\"true\" aria-invalid=\"false\" placeholder=\"N\u1ed9i dung \u0111\u0103ng k\u00fd t\u01b0 v\u1ea5n\"><\/textarea><\/span>\n                        <\/div><\/div>\n<p>                   <button type=\"submit\">\u0110\u0103ng k\u00fd<\/button><\/p><\/div>\n<\/section>\n<div class=\"wpcf7-response-output\" aria-hidden=\"true\"><\/div><\/form><\/div>[\/vc_column][vc_column width=&#8221;1\/2&#8243; css=&#8221;.vc_custom_1455108177015{margin-top: 0px !important;margin-bottom: 0px !important;padding-top: 0px !important;padding-bottom: 0px !important;}&#8221;][tt_image_effect_shortcode image=&#8221;495&#8243; css=&#8221;.vc_custom_1612430860169{margin-top: 0px !important;margin-bottom: 0px !important;padding-top: 0px !important;padding-bottom: 0px !important;}&#8221;][\/vc_column][\/vc_row][vc_row full_width=&#8221;stretch_row&#8221; css=&#8221;.vc_custom_1455260626658{padding-top: 60px !important;background-color: #f0f0f1 !important;}&#8221;][vc_column css=&#8221;.vc_custom_1455611725841{margin-top: -5px !important;padding-top: -5px !important;}&#8221;][tt_title_shortcode heading=&#8221;H\u1ed8I \u0110\u1ed2NG TH\u00c0NH VI\u00caN&#8221; size=&#8221;h2&#8243; css=&#8221;.vc_custom_1611912548096{margin-top: -5px !important;margin-bottom: 10px !important;padding-top: -5px !important;}&#8221;][vc_empty_space height=&#8221;35px&#8221;][vc_row_inner][vc_column_inner width=&#8221;1\/3&#8243;][tt_our_team_shortcode title=&#8221;Th\u1ea1c s\u0129, Lu\u1eadt s\u01b0&#8221; position=&#8221;L\u00ea V\u0103n Nam&#8221; image=&#8221;14056&#8243; social_in=&#8221;&#8221; social_pi=&#8221;&#8221;][\/vc_column_inner][vc_column_inner width=&#8221;1\/3&#8243;][tt_our_team_shortcode title=&#8221;Th\u1ea1c s\u0129, Lu\u1eadt s\u01b0&#8221; position=&#8221;\u0110\u1ed7 Th\u1ecb Hu\u1ec7&#8221; image=&#8221;14060&#8243; social_in=&#8221;&#8221; social_pi=&#8221;&#8221;][\/vc_column_inner][vc_column_inner width=&#8221;1\/3&#8243;][tt_our_team_shortcode title=&#8221;Lu\u1eadt s\u01b0&#8221; position=&#8221;H\u1ed3 Ch\u00ed B\u1eefu&#8221; image=&#8221;14029&#8243; social_in=&#8221;&#8221; social_pi=&#8221;&#8221;][\/vc_column_inner][\/vc_row_inner][vc_row_inner][vc_column_inner width=&#8221;1\/3&#8243; css=&#8221;.vc_custom_1453738110916{margin-top: 25px !important;margin-bottom: 25px !important;}&#8221;][tt_number_shortcode years=&#8221;20&#8243; s_description=&#8221;N\u0102M KINH NGHI\u1ec6M&#8221;][vc_empty_space height=&#8221;75px&#8221;][\/vc_column_inner][vc_column_inner width=&#8221;1\/3&#8243; css=&#8221;.vc_custom_1453738124076{margin-top: 25px !important;margin-bottom: 25px !important;}&#8221;][tt_number_shortcode years=&#8221;50&#8243; s_description=&#8221;CHUY\u00caN GIA T\u01af V\u1ea4N CHUY\u00caN NGHI\u1ec6P&#8221;][\/vc_column_inner][vc_column_inner width=&#8221;1\/3&#8243; css=&#8221;.vc_custom_1453738134556{margin-top: 25px !important;margin-bottom: 25px !important;}&#8221;][tt_number_shortcode years=&#8221;100&#8243; s_description=&#8221;V\u1ee4 VI\u1ec6C M\u1edaI H\u00c0NG N\u0102M&#8221;][\/vc_column_inner][\/vc_row_inner][\/vc_column][\/vc_row][vc_row full_width=&#8221;stretch_row&#8221; gap=&#8221;35&#8243; css=&#8221;.vc_custom_1457267522139{padding-top: 50px !important;padding-bottom: 60px !important;background-image: url(http:\/\/luatsudonga.org.vn\/wp-content\/uploads\/2016\/02\/texture.jpg?id=16) !important;background-position: center !important;background-repeat: no-repeat !important;background-size: cover !important;}&#8221;][vc_column width=&#8221;1\/3&#8243; css=&#8221;.vc_custom_1456557600675{margin-left: 30px !important;}&#8221; el_class=&#8221;tt-mr60&#8243; offset=&#8221;vc_hidden-xs&#8221;][tt_double_image_shortcode image=&#8221;14311&#8243; image_s=&#8221;100&#8243;][\/vc_column][vc_column width=&#8221;7\/12&#8243; el_class=&#8221;lich-su-thanh-lap&#8221;][tt_title_shortcode heading=&#8221;L\u1ecbch s\u1eed th\u00e0nh l\u1eadp&#8221; alignment=&#8221;left&#8221;][tt_text_block_button_shortcode description=&#8221;C\u00d4NG TY LU\u1eacT TR\u00c1CH NHI\u1ec6M H\u1eeeU H\u1ea0N \u0110\u00d4NG \u00c1 (D.A LAWYERS) \u0111\u01b0\u1ee3c th\u00e0nh l\u1eadp theo Gi\u1ea5y ph\u00e9p ho\u1ea1t \u0111\u1ed9ng s\u1ed1 41030694\/TP\/\u0110KH\u0110 do S\u1edf T\u01b0 ph\u00e1p Th\u00e0nh ph\u1ed1 H\u1ed3 Ch\u00ed Minh c\u1ea5p v\u00e0o ng\u00e0y 10\/01\/2008. Lu\u1eadt s\u01b0 \u2013 Th\u1ea1c s\u0129 L\u00ca V\u0102N NAM l\u00e0 m\u1ed9t trong nh\u1eefng th\u00e0nh vi\u00ean ti\u00ean phong, \u0111\u1ed3ng s\u00e1ng l\u1eadp, nh\u1eb1m \u0111\u00e1p \u1ee9ng nhu c\u1ea7u h\u1ed7 tr\u1ee3 d\u1ecbch v\u1ee5 ph\u00e1p l\u00fd ng\u00e0y c\u00e0ng t\u0103ng c\u1ee7a c\u00e1c c\u00e1 nh\u00e2n, t\u1ed5 ch\u1ee9c t\u1ea1i Vi\u1ec7t Nam.&#8221; css=&#8221;.vc_custom_1647738289366{margin-bottom: 45px !important;}&#8221;][vc_empty_space][\/vc_column][\/vc_row][vc_row full_width=&#8221;stretch_row&#8221; disable_element=&#8221;yes&#8221; css=&#8221;.vc_custom_1611913200322{background-image: url(http:\/\/luatsudonga.org.vn\/wp-content\/uploads\/2016\/02\/testimonial-bg-1.jpg?id=89) !important;background-position: center !important;background-repeat: no-repeat !important;background-size: cover !important;}&#8221;][vc_column][tt_testimonial_slider_shortcode][tt_testimonial_slider_content_shortcode image=&#8221;90&#8243; testimonial_content=&#8221;We believe that analysis of your company and your customers is key in responding effectively to your promotional needs and we will work with you to fully understand your business to achieve the greatest amount of publicity possible so that you can see a return from the advertising.11&#8243; author=&#8221;Donavan Dahona&#8221;][tt_testimonial_slider_content_shortcode image=&#8221;90&#8243; testimonial_content=&#8221;We believe that analysis of your company and your customers is key in responding effectively to your promotional needs and we will work with you to fully understand your business to achieve the greatest amount of publicity possible so that you can see a return from the advertising.&#8221; author=&#8221;Michaele John&#8221;][tt_testimonial_slider_content_shortcode image=&#8221;90&#8243; testimonial_content=&#8221;We believe that analysis of your company and your customers is key in responding effectively to your promotional needs and we will work with you to fully understand your business to achieve the greatest amount of publicity possible so that you can see a return from the advertising.&#8221; author=&#8221;Donavan Dahona&#8221;][tt_testimonial_slider_content_shortcode image=&#8221;90&#8243; testimonial_content=&#8221;We believe that analysis of your company and your customers is key in responding effectively to your promotional needs and we will work with you to fully understand your business to achieve the greatest amount of publicity possible so that you can see a return from the advertising.&#8221; author=&#8221;Michaele John&#8221;][\/tt_testimonial_slider_shortcode][vc_empty_space height=&#8221;35px&#8221;][\/vc_column][\/vc_row][vc_row full_width=&#8221;stretch_row&#8221; css=&#8221;.vc_custom_1614665470007{padding-top: 25px !important;padding-bottom: 90px !important;background-color: #f2f2f2 !important;}&#8221; el_class=&#8221;news-home&#8221;][vc_column][tt_title_shortcode heading=&#8221;TIN T\u1ee8C&#8221; size=&#8221;h2&#8243; topheading=&#8221;Tin t\u1ee9c n\u1ed5i b\u1eadt&#8221; css=&#8221;.vc_custom_1611913648798{padding-top: 35px !important;}&#8221;][tt_blog_posts_shortcode columns=&#8221;4&#8243; amount=&#8221;3&#8243;][\/vc_column][\/vc_row][vc_row css=&#8221;.vc_custom_1455113910016{margin-top: -35px !important;padding-top: -35px !important;}&#8221;][vc_column][tt_client_slider_shortcode][tt_client_slider_content_shortcode image=&#8221;337&#8243;][tt_client_slider_content_shortcode image=&#8221;336&#8243;][tt_client_slider_content_shortcode image=&#8221;335&#8243;][tt_client_slider_content_shortcode image=&#8221;334&#8243;][tt_client_slider_content_shortcode image=&#8221;333&#8243;][tt_client_slider_content_shortcode image=&#8221;332&#8243;][tt_client_slider_content_shortcode image=&#8221;331&#8243;][tt_client_slider_content_shortcode image=&#8221;330&#8243;][tt_client_slider_content_shortcode image=&#8221;329&#8243;][\/tt_client_slider_shortcode][\/vc_column][\/vc_row][vc_row full_width=&#8221;stretch_row&#8221; content_placement=&#8221;middle&#8221; disable_element=&#8221;yes&#8221; css=&#8221;.vc_custom_1611914248770{margin-top: -6px !important;border-top-width: -6px !important;padding-top: -6px !important;padding-bottom: 10px !important;background-color: #bf9e58 !important;}&#8221;][vc_column css=&#8221;.vc_custom_1455114332923{margin-top: -6px !important;border-top-width: -6px !important;padding-top: -6px !important;}&#8221;][tt_info_block_shortcode s_description=&#8221;If you have any legal problem in your life &#8230; We are available&#8221; f_size=&#8221;28px&#8221; txt_color=&#8221;#1f1f1f&#8221; add_button=&#8221;yes&#8221; link_text=&#8221;free consultation&#8221; link=&#8221;#&#8221; button_type=&#8221;white&#8221; b_bg_color=&#8221;#ffffff&#8221; b_txt_color=&#8221;#1f1f1f&#8221;][\/vc_column][\/vc_row]<\/p>\n","protected":false},"excerpt":{"rendered":"<p>[vc_row full_width=&#8221;stretch_row_content_no_spaces&#8221;][vc_column][rev_slider_vc alias=&#8221;legalmain&#8221;][\/vc_column][\/vc_row][vc_row css=&#8221;.vc_custom_1455450528152{margin-top: 55px !important;margin-bottom: 40px !important;}&#8221;][vc_column css=&#8221;.vc_custom_1453735199194{margin-bottom: 50px !important;}&#8221;][tt_title_shortcode heading=&#8221;CH\u00c0O M\u1eeaNG \u0110\u1ebeN V\u1edaI C\u00d4NG TY LU\u1eacT TR\u00c1CH NHI\u1ec6M H\u1eeeU H\u1ea0N \u0110\u00d4NG \u00c1&#8221; alignment=&#8221;left&#8221; css=&#8221;.vc_custom_1647738211499{margin-bottom: 30px !important;}&#8221;][vc_row_inner el_class=&#8221;bottom-featured&#8221; css=&#8221;.vc_custom_1455442206869{margin-bottom: 0px !important;}&#8221;][vc_column_inner width=&#8221;1\/2&#8243;][vc_column_text] C\u00d4NG TY LU\u1eacT TR\u00c1CH NHI\u1ec6M H\u1eeeU H\u1ea0N \u0110\u00d4NG \u00c1 (D.A Lawyers) l\u00e0 m\u1ed9t C\u00f4ng ty Lu\u1eadt uy t\u00edn h\u00e0ng \u0111\u1ea7u Vi\u1ec7t Nam, [&hellip;]<\/p>\n","protected":false},"author":1,"featured_media":0,"parent":0,"menu_order":0,"comment_status":"closed","ping_status":"closed","template":"","meta":[],"_links":{"self":[{"href":"http:\/\/luatsudonga.org.vn\/index.php\/wp-json\/wp\/v2\/pages\/278"}],"collection":[{"href":"http:\/\/luatsudonga.org.vn\/index.php\/wp-json\/wp\/v2\/pages"}],"about":[{"href":"http:\/\/luatsudonga.org.vn\/index.php\/wp-json\/wp\/v2\/types\/page"}],"author":[{"embeddable":true,"href":"http:\/\/luatsudonga.org.vn\/index.php\/wp-json\/wp\/v2\/users\/1"}],"replies":[{"embeddable":true,"href":"http:\/\/luatsudonga.org.vn\/index.php\/wp-json\/wp\/v2\/comments?post=278"}],"version-history":[{"count":71,"href":"http:\/\/luatsudonga.org.vn\/index.php\/wp-json\/wp\/v2\/pages\/278\/revisions"}],"predecessor-version":[{"id":14337,"href":"http:\/\/luatsudonga.org.vn\/index.php\/wp-json\/wp\/v2\/pages\/278\/revisions\/14337"}],"wp:attachment":[{"href":"http:\/\/luatsudonga.org.vn\/index.php\/wp-json\/wp\/v2\/media?parent=278"}],"curies":[{"name":"wp","href":"https:\/\/api.w.org\/{rel}","templated":true}]}}